+ -6
-2
Calculate 1 - (-98 + 103 - (3 + 29)).
28
What is 6 - (48 - 16) - -15?
-11
What is the value of (25 - 1) + (13 - 23) - (0 + 1)?
13
What is -6 + 38 + -28 + 10?
14
What is the value of 3 + -1 + 0 + (9 - 12) + -11?
-12
Evaluate -1 - -2 - (-2 + -8 + 3 + -2).
10
What is the value of -3 - (1 - 6 - (-21 - -25))?
6
Calculate (0 + 3 + 20 + -29 - -7) + 12.
13
14 + (12 - (34 - (-13 + 6)))
-15
Calculate -1 + -2 - 18 - -5.
-16
Calculate -5 - (-1 + (-6 - -12) - 15).
5
Evaluate 33 - 11 - (15 - -1).
6
What is -32 + 46 - (1 + 15)?
-2
What is 1 - (-2 - -5) - (-22 + (37 - 9))?
-8
Evaluate (8 + -5 - 10) + (8 + -6 - 7).
-12
Evaluate 1 + 38 - (0 - (15 - 14)).
40
What is the value of -10 + 0 - (-95 - -131) - -14?
-32
Calculate (0 + -1 - -8) + (4 - (18 - 9)).
2
What is the value of 7 + -2 - (-1 + 8) - (-9 + 24)?
-17
Calculate 15 + -22 + -1 + -3 + -11.
-22
Calculate -3 - ((1 + -3 - -11) + -11).
-1
What is the value of -1 + -27 - (-12 - 0 - (-165 + 161))?
-20
Evaluate 11 + -10 + -1 + (291 - 270).
21
Calculate 6 + (-9 - -4 - -2).
3
What is the value of (56 - 48) + (0 - (0 - 4))?
12
What is (-4 - (-2 + 0 - 0)) + 558 + -565?
-9
Evaluate (-3 - (2 - 11)) + (22 - 16).
12
What is the value of -8 + -68 + 58 + (2 - -16)?
0
Calculate 3 - -2 - 5 - (-24 + 33).
-9
3 - ((-2 - -2 - -2) + 17 + -25)
9
What is -24 + (-39 - (0 + -39))?
-24
What is 27 + (-33 - -32 - 39)?
-13
What is -41 + 43 - (14 + -1) - 5?
-16
What is the value of 1 + (1 - 4) + -2 + (17 - 24)?
-11
12 + -13 + -6 - ((-18 - 0) + 3)
8
Calculate 1 + -24 + (9 - -3) + -208 + 194.
-25
Calculate 16 + (0 - 12) - ((1 - -16) + 2).
-15
What is the value of 6 + (-4 - (27 + (-18 - -7)))?
-14
What is the value of -3 + 15 + -4 - (2 + -2)?
8
Evaluate -4 + 24 + (-62 - -31).
-11
Calculate 24 + (11 - 6) + -15 + 5.
19
-28 - ((-4 - (9 + -7) - 3) + 5)
-24
What is 0 + -2 + (-61 - -75)?
12
What is 11 + (-15 - -5) + -12 - -37?
26
(76 - 17) + -62 + (-1 + -1 - 21)
-26
What is -263 - -268 - (-3 + 1 - -21)?
-14
Evaluate 34 + (32 - (57 + -15)).
24
Evaluate -4 - -5 - (80 + -84 - (0 - 1)).
4
Calculate -21 - (3 - (-18 + 19)).
-23
Calculate -40 - (-17 - 8) - -31.
16
What is -3 - (-10 + (1 - 0))?
6
Calculate (29 - (5 + 30)) + (-2 + 0 - 7).
-15
Calculate (-1 - 4) + -2 + (1 - 2) + 25.
17
Calculate 459 + -467 - (0 + -8).
0
What is the value of -9 + (0 - 3) + 2 + -4 - 8?
-22
9 - (-6 + 8 + 0 + 21)
-14
-17 - -80 - (0 - -40)
23
17 - -16 - -2 - 23
12
Calculate 4 - (14 - 10) - -9 - 11.
-2
Evaluate (-6 - 0 - (3 + 1)) + (9 - 0).
-1
What is -13 + 7 + (28 - 29) + 12 + -1?
4
What is the value of 12 - (20 + 8 + -11)?
-5
Evaluate 22 + (-20 - 6) - (-1 + 4).
-7
What is (-33 - -3) + (2 + 7 - 0)?
-21
What is (-1 + 12 - 8 - 0 - 6) + -11?
-14
What is 8 + (0 - 2 - -9 - (105 - 101))?
11
Evaluate 5 + -2 + (9 - 31) + 31.
12
What is 309 + -284 - (10 - 0)?
15
What is the value of 22 + -29 + (2 - ((5 - 14) + 9))?
-5
Evaluate 3 + -2 + -458 + 466.
9
Evaluate -4 - 0 - ((-5 - -15 - 17) + 2).
1
-8 - (-2 - (-9 + 12))
-3
-4 + -28 - -15 - -9
-8
-1 + 7 - (-1391 + 1363)
34
(-5 + 3 + 9 - 3) + -14
-10
Evaluate (1 - (-27 + 22)) + (0 - (-11 + 2)).
15
Evaluate -9 - -11 - (0 - -5 - (-4 - -1)).
-6
What is (44 - 39) + (-4 - 11) + -4?
-14
What is the value of -8 + (27 - (4 + 3 + 4))?
8
What is (1 - 4) + (2 - 9) - (-11 + 6)?
-5
What is the value of (5 - 8) + 0 + (-7 + 2 - -5)?
-3
Evaluate -1 + 1 - (15 - (3 - 6) - 22).
4
-23 - (-8 + 18 + -1)
-32
What is 11 + 0 - (-858 - -869)?
0
Calculate -12 + -1 - ((17 - 2) + -35 + 30).
-23
Evaluate -27 + 24 - ((-4 - -3) + -6 + 6).
-2
What is (2 - -5) + -2 + 8?
13
What is the value of 39 + 11 + -46 + (0 - -1) + -1?
4
Evaluate 0 - -6 - (-133 + 137).
2
What is the value of 1 - (-6 - ((0 - -4) + -5))?
6
Evaluate (-9 - (1 + (1 - (-2 - -8)))) + 2.
-3
What is the value of 1 - (0 + 30) - (2193 - 2203)?
-19
3 - (13 + (1 + -1 - (55 + -62)))
-17
What is (17 - (-1 + 2)) + (0 - -45) + -42?
19
(12 - 21) + 7 - (-7 - 0)
5
What is the value of 2 - 0 - ((0 - 21) + 17)?
6
What is 4 - (3 - -19) - (-6 + 2)?
-14
What is the value of 40 + -41 + 7 + 27?
33
What is the value of (-14 - -2) + -11 + (15 - (-5 + 12))?
-15
Evaluate 9 - (1 + (9 - 9 - 7)).
15
Evaluate -16 + 13 + 10 - 24.
-17
What is the value of 0 + (-4 - -4) + -4 + -2 + -8?
-14
-9 + (-13 - (-7 + -23))
8
8 - (30 - 20 - (0 - -10)) - 4
4
Evaluate -1 - (12 - 8 - 3).
-2
-9 + -16 + 22 - (0 + -3)
0
Evaluate -143 + 115 - (3 + -29).
-2
What is -36 - 1 - (-1134 + 1096)?
1
What is the value of -9 + 12 - (7 - -4) - (1 - 4)?
-5
What is the value of -28 - 1 - (-25 + (5 - -21)) - -5?
-25
What is the value of -43 + 8 + 19 - -15?
-1
What is the value of -11 - (-6 - (-1 - (-1 + -49 + 10)))?
34
What is (-4 + 1 - 8) + 34?
23
What is the value of (-3 - (-19 - -5)) + 84 + -67?
28
What is the value of -13 - (13 + -23 + -4)?
1
-2 + ((1 - 25) + (-21 - -28) - -9)
-10
-6 + (0 + 6 + -1 - (-1 - -1))
-1
Calculate -259 - -282 - (1 - -45).
-23
Evaluate 10 + -1 - (17 + 7 + -8 + -11).
4
What is the value of ((-2 - -8) + -6 - -3) + 2 + 2?
7
Evaluate (7 - (9 + -6)) + -39 + 12.
-23
What is the value of 5 - -15 - (9 - -9)?
2
What is 839 + -827 - (1 + 5)?
6
Evaluate (11 - 8) + 1 + -2 + (11 - 1).
12
What is (-4 - -10) + (2 - 12 - (-11 - -8))?
-1
What is the value of 80 - (21 - -51 - 25)?
33
What is the value of 5 + (-5 + 8 + -5 - 4)?
-1
Calculate 6 + (11 - 0 - 32) + 8.
-7
8 + 3 + -10 + -1 + (-2 - -1)
-1
What is -2 - (1 + -1) - (-8 + 30 - 37)?
13
Evaluate -10 + -12 + (9 + (-23 - -6) - -6).
-24
-2 + 20 - (60 + -54 - (1 + 2))
15
Calculate 1 - (5 + -2) - (66 - 65).
-3
What is the value of -4 + (-12 - (-8 - 7))?
-1
-61 + 60 - (-1 + 3 - 9)
6
Evaluate 10 + -1 + -12 + 3 + -11.
-11
3 - ((4 - 0) + -3) - (5 + 7)
-10
Calculate 13 + -1 + (-3 + (9 - 6) - 5).
7
What is 1 + -20 - (161 - 175)?
-5
Calculate -9 - -3 - 9 - (3 - 10).
-8
What is the value of -149 + 146 - (13 - 0)?
-16
What is (-13 - (7 + (-7 - 1))) + -11?
-23
What is 7 - 2 - ((109 - 113) + (-3 - 1))?
13
Calculate (-3 - 5 - (0 - 0) - -5) + 0.
-3
What is the value of -5 + (2 - -16) - 1?
12
Calculate (1 - (20 - 27)) + 4.
12
0 + (-33 - -43 - (1 + 4))
5
What is (-2 - -6) + 6 + -5 + 3 + 8?
16
Calculate 1 + 1 - (99 - 97 - (-1 - -6)).
5
0 - (18 + -38) - 3 - (13 + -2)
6
3 - (11 - (36 + -9))
19
What is 4 - 0 - (-50 - -72)?
-18
Evaluate -16 + 12 + 5 + -10.
-9
Calculate 1 + -15 - (-55 + 20).
21
What is -47 - -10 - (-18 - (-11 + 7))?
-23
Calculate (10 - 16) + (-3 - -3).
-6
-9 + 14 + (21 - 20) + (-6 - 1)
-1
What is the value of -2 + 4 + 0 - (26 - (40 - 30))?
-14
Evaluate (-9 + 9 - -17) + 1 + -2 + 4.
20
Evaluate 13 + (18 - (-14 - -20) - 27).
-2
-6 + 9 - -8 - (-1 - -15)
-3
Evaluate 1 - (11 + 0 + -44).
34
What is -5 + 3 + -2 + 12 + (5 - 7)?
6
Calculate -8 + -26 - (34 - 55).
-13
-3 + 1 + 10 + (11 + -8 - 6)
5
(-3 - (-16 + 7)) + (-2 - -9)
13
1 - (-8 + (7 - (-14 + 7)))
-5
What is the value of 5 + ((1 - -16) + -23 - 11)?
-12
-13 + -11 + 19 - -24
19
Calculate (21 - (30 + -2)) + 1.
-6
What is the value of -36 - (-12 + 37 - 74)?
13
Calculate 9 - (17 + 8 + 7) - -10.
-13
Evaluate 8 - (2 + (-7 - 4)) - -11.
28
What is -27 + 42 + -17 + 20?
18
Evaluate 28 + -20 + (7 - 3) - 6.
6
What is the value of 26 + -24 + 4 + -6?
0
What is 0 + (-10 - -1) + 76 + -80?
-13
5 + 1 + -5 + -1 - 1
-1
What is -4 + -5 + 13 - (72 + -69) - -5?
6
-81 + 58 - (-6 + 1)
-18
What is the value of -13 + 0 - (-6 + -9 + 13)?
-11
Calculate 36 + -16 - (11 - -2).
7
Calculate -8 - -17 - (4 + -2 + -3 - -2).
8
What is -27 - (0 - 12 - 13)?
-2
What is 5 - ((20 - (2 - 3 - -7)) + -6)?
-3
Calculate (14 - (34 + -13)) + -2 + 29.
20
Evaluate (1 - (-5 - -8)) + -9.
-11
What is -31 + -32 + 29 - -42?
8
-16 + -25 + -37 + 58
-20
Calculate 17 - 1 - (-65 + 99).
-18
What is (-48 - -27) + -7 - -63?
35
(-2 + 1 - 1) + -36 + 70
32
Evaluate 92 + -103 - (15 + -13).
-13
Evaluate (-2 - 1) + (23 - 22).
-2
24 + -8 + (13 - 14) + 4
19
Calculate 0 + (20 - (15 + -3)).
8
Evaluate -33 + (-8 - -5) + -32 + 49.
-19
Evaluate 12 - (-1 + -2) - (-1 + -4) - 5.
15
Evaluate -5 + -5 - 30 - -19.
-21
Calculate (5 - (-10 + 9 + 19)) + -3.
-16
-204 - -211 - (-2 - -4 - 18)
23
Evaluate 25 - (10 - (4 - 6)).
13
What is the value of -8 + 36 + -40 + (14 - 0)?
2
What is the value of ((-1 - -1) + -11 - -8) + 7?
4
17 + -2 + -33 - -5 - 4
-17
What is 3 + 11 - (1 - (-3 - (1 - 2)))?
11
What is -5 + 17 - 17 - -2?
-3
Evaluate -22 - (-180 + 166 - (-